remainder when 168 is divided by 17.
15
What is the remainder when 126 is divided by 46?
34
Calculate the remainder when 359 is divided by 123.
113
Calculate the remainder when 270 is divided by 16.
14
Calculate the remainder when 743 is divided by 181.
19
Calculate the remainder when 36388 is divided by 241.
238
What is the remainder when 151 is divided by 26?
21
What is the remainder when 5317 is divided by 9?
7
Calculate the remainder when 375 is divided by 27.
24
Calculate the remainder when 119 is divided by 6.
5
Calculate the remainder when 677 is divided by 20.
17
What is the remainder when 40 is divided by 23?
17
What is the remainder when 110 is divided by 90?
20
Calculate the remainder when 842 is divided by 271.
29
Calculate the remainder when 169 is divided by 57.
55
Calculate the remainder when 1079 is divided by 57.
53
Calculate the remainder when 212 is divided by 71.
70
Calculate the remainder when 12507 is divided by 15.
12
What is the remainder when 3484 is divided by 318?
304
What is the remainder when 2335 is divided by 1162?
11
Calculate the remainder when 1454 is divided by 9.
5
What is the remainder when 177 is divided by 52?
21
What is the remainder when 178 is divided by 63?
52
What is the remainder when 109 is divided by 56?
53
What is the remainder when 84 is divided by 31?
22
What is the remainder when 40 is divided by 22?
18
Calculate the remainder when 109 is divided by 101.
8
Calculate the remainder when 1348 is divided by 85.
73
What is the remainder when 2966 is divided by 45?
41
Calculate the remainder when 131 is divided by 67.
64
What is the remainder when 53 is divided by 11?
9
What is the remainder when 494 is divided by 34?
18
What is the remainder when 8099 is divided by 180?
179
What is the remainder when 1007 is divided by 34?
21
What is the remainder when 1586 is divided by 37?
32
What is the remainder when 244 is divided by 31?
27
What is the remainder when 426 is divided by 108?
102
Calculate the remainder when 9618 is divided by 10.
8
What is the remainder when 8210 is divided by 2736?
2
Calculate the remainder when 950 is divided by 84.
26
What is the remainder when 502 is divided by 13?
8
What is the remainder when 293 is divided by 42?
41
Calculate the remainder when 817 is divided by 40.
17
Calculate the remainder when 15 is divided by 11.
4
Calculate the remainder when 5891 is divided by 6.
5
Calculate the remainder when 98 is divided by 86.
12
What is the remainder when 157 is divided by 51?
4
Calculate the remainder when 614 is divided by 14.
12
What is the remainder when 1308 is divided by 435?
3
What is the remainder when 7508 is divided by 417?
2
Calculate the remainder when 566 is divided by 264.
38
What is the remainder when 8203 is divided by 144?
139
Calculate the remainder when 533 is divided by 6.
5
What is the remainder when 673 is divided by 31?
22
Calculate the remainder when 12 is divided by 12.
0
Calculate the remainder when 4534 is divided by 19.
12
Calculate the remainder when 131 is divided by 6.
5
What is the remainder when 495 is divided by 45?
0
What is the remainder when 170 is divided by 66?
38
What is the remainder when 1592 is divided by 330?
272
What is the remainder when 125 is divided by 56?
13
What is the remainder when 3159 is divided by 44?
35
What is the remainder when 457 is divided by 36?
25
What is the remainder when 2277 is divided by 22?
11
Calculate the remainder when 37 is divided by 37.
0
Calculate the remainder when 50 is divided by 13.
11
Calculate the remainder when 530 is divided by 41.
38
What is the remainder when 447 is divided by 25?
22
What is the remainder when 629 is divided by 63?
62
Calculate the remainder when 977 is divided by 51.
8
Calculate the remainder when 160 is divided by 150.
10
What is the remainder when 2429 is divided by 807?
8
What is the remainder when 96 is divided by 60?
36
Calculate the remainder when 254 is divided by 43.
39
Calculate the remainder when 663 is divided by 54.
15
Calculate the remainder when 148 is divided by 27.
13
What is the remainder when 759 is divided by 152?
151
What is the remainder when 29390 is divided by 46?
42
What is the remainder when 72 is divided by 20?
12
Calculate the remainder when 3783 is divided by 3.
0
What is the remainder when 1858 is divided by 52?
38
Calculate the remainder when 3152 is divided by 63.
2
Calculate the remainder when 189 is divided by 48.
45
Calculate the remainder when 31 is divided by 11.
9
Calculate the remainder when 192 is divided by 66.
60
Calculate the remainder when 3453 is divided by 18.
15
What is the remainder when 131 is divided by 13?
1
What is the remainder when 4014 is divided by 449?
422
What is the remainder when 5718 is divided by 26?
24
What is the remainder when 31226 is divided by 167?
164
Calculate the remainder when 47 is divided by 11.
3
What is the remainder when 467 is divided by 26?
25
Calculate the remainder when 2344 is divided by 24.
16
Calculate the remainder when 99 is divided by 52.
47
What is the remainder when 1057 is divided by 255?
37
Calculate the remainder when 368 is divided by 37.
35
Calculate the remainder when 147 is divided by 74.
73
What is the remainder when 121 is divided by 19?
7
What is the remainder when 345 is divided by 11?
4
Calculate the remainder when 5280 is divided by 19.
17
Calculate the remainder when 472 is divided by 95.
92
What is the remainder when 499 is divided by 3?
1
Calculate the remainder when 414 is divided by 60.
54
What is the remainder when 610 is divided by 125?
110
Calculate the remainder when 3770 is divided by 51.
47
Calculate the remainder when 208 is divided by 5.
3
What is the remainder when 383 is divided by 24?
23
What is the remainder when 1414 is divided by 468?
10
Calculate the remainder when 335 is divided by 14.
13
What is the remainder when 241 is divided by 203?
38
What is the remainder when 139 is divided by 72?
67
Calculate the remainder when 304 is divided by 70.
24
Calculate the remainder when 23 is divided by 10.
3
What is the remainder when 343 is divided by 111?
10
What is the remainder when 1834 is divided by 27?
25
Calculate the remainder when 111 is divided by 19.
16
Calculate the remainder when 669 is divided by 68.
57
What is the remainder when 338 is divided by 162?
14
Calculate the remainder when 164 is divided by 57.
50
What is the remainder when 133 is divided by 8?
5
Calculate the remainder when 14 is divided by 14.
0
What is the remainder when 366 is divided by 92?
90
Calculate the remainder when 54 is divided by 49.
5
What is the remainder when 6967 is divided by 67?
66
Calculate the remainder when 2755 is divided by 26.
25
Calculate the remainder when 295 is divided by 25.
20
What is the remainder when 257 is divided by 78?
23
What is the remainder when 244 is divided by 84?
76
What is the remainder when 60 is divided by 23?
14
What is the remainder when 13197 is divided by 264?
261
What is the remainder when 815 is divided by 39?
35
What is the remainder when 124 is divided by 33?
25
Calculate the remainder when 195 is divided by 11.
8
What is the remainder when 254 is divided by 90?
74
Calculate the remainder when 86 is divided by 55.
31
Calculate the remainder when 111 is divided by 57.
54
What is the remainder when 2121 is divided by 1058?
5
What is the remainder when 873 is divided by 7?
5
What is the remainder when 337 is divided by 47?
8
What is the remainder when 4051 is divided by 12?
7
Calculate the remainder when 322 is divided by 284.
38
Calculate the remainder when 102 is divided by 15.
12
What is the remainder when 1027 is divided by 49?
47
Calculate the remainder when 4318 is divided by 144.
142
Calculate the remainder when 183 is divided by 174.
9
Calculate the remainder when 46 is divided by 29.
17
Calculate the remainder when 1206 is divided by 31.
28
Calculate the remainder when 2174 is divided by 81.
68
Calculate the remainder when 196 is divided by 109.
87
Calculate the remainder when 3117 is divided by 30.
27
What is the remainder when 642 is divided by 24?
18
What is the remainder when 363 is divided by 61?
58
What is the remainder when 201 is divided by 72?
57
What is the remainder when 29 is divided by 18?
11
Calculate the remaind